s of (-15)/85 - (-389880)/204.
3, 7, 13
Let f(m) = -69*m + 145. Let j be f(-6). Suppose 20*t - j = 7*t. What are the prime factors of t?
43
Suppose 1900276 = 228*i - 6761 - 1356783. What are the prime factors of i?
5, 7, 409
Let b be (144/24)/((-4)/54). Let p = b - -85. Suppose 4*t + p*i = 160 + 520, 494 = 3*t - 5*i. List the prime factors of t.
2, 3, 7
Let i be 5/(40/1124)*6. Suppose -328 + 353 = 5*x. Suppose x*d - 202 = i. List the prime factors of d.
11, 19
Suppose -601*l - 2485284 = -814*l. List the prime factors of l.
2, 2917
Let m(s) = -30*s - 249. Let t(b) = -29*b - 253. Let r(i) = 5*m(i) - 4*t(i). List the prime factors of r(-38).
3, 353
Let b(y) = y + 12. Let z be b(-6). Let q(v) = 2*v + 24. Let a be q(-7). List the prime factors of (-2)/(z/(-133)) - a/(-15).
3, 5
Suppose 8*t = -121 + 153. List the prime factors of 11730/120 + 1/t.
2, 7
Let w(f) be the second derivative of -f**5/20 + 5*f**4/12 - 2*f**3/3 + 8*f**2 - 13*f. Let q be w(8). Let s = -142 - q. What are the prime factors of s?
2, 3, 11
What are the prime factors of 6792 - (13 - (0 + 6))?
5, 23, 59
Let n = -55561 - -85593. What are the prime factors of n?
2, 1877
Let i(z) be the first derivative of 2*z**3/3 + 13*z**2 + 67*z + 235. List the prime factors of i(-18).
13, 19
Let g(s) = -5*s**2 - 209*s - 97. Let i be g(-42). Suppose 0*p = -4*p - 12. Let x = p - i. List the prime factors of x.
2, 17
Let v = 47984 - 31409. What are the prime factors of v?
3, 5, 13, 17
Let g(c) = 37*c - 29. Let x be g(10). List the prime factors of 31/x - (-27850)/22.
2, 3, 211
Let w = 21738 + -6451. What are the prime factors of w?
15287
Suppose -276*o = 27*o - 10950117. What are the prime factors of o?
71, 509
Suppose s + 2 = -p, 4*p - 1 = -3*s - 12. Suppose -3*l = -5*g + 1449, s*l = -12 + 3. List the prime factors of g.
2, 3
Suppose 5*l + 475 = 10*l. Let a be 494/l + 1/(-5). Suppose 0 = -a*x + 8*x - 228. List the prime factors of x.
2, 19
Let n = 56 - 64. Let i be (-6)/n + (1 - (-173)/4). Let j = 78 - i. What are the prime factors of j?
3, 11
Suppose 2*c = 2*r - 84192, -3*r = -13*c + 18*c - 126224. What are the prime factors of r?
2, 5261
Suppose 313*a = 318*a - 2*d - 63014, -3*d + 12613 = a. List the prime factors of a.
2, 23, 137
Let u(q) = 55*q**2 + 11*q - 9. Let z be u(1). Let l = 900 + z. List the prime factors of l.
3, 11, 29
Let q(p) = -p**3 - 15*p**2 - 13*p + 14. Let t be q(-14). Let v be t + 1*0/(-2). List the prime factors of 64 + v/(2 - 7).
2
Let o(w) = -10*w**3 - 2*w**2 - w + 2. Let c be o(-2). What are the prime factors of (-3603)/(-4) - (-19)/c?
17, 53
Suppose k - 176 = -4*b, -5*k = -8*k - 4*b + 536. Let l be (0 - 9)/((-48)/1568). Let c = l - k. What are the prime factors of c?
2, 3, 19
Let n(g) = g**2 - 4*g - 21 - 4*g + 0*g + 2*g. Let x be n(9). Suppose -42 = -y + 3*t, 2*y - 5*t + 253 = x*y. List the prime factors of y.
3, 19
Let h(k) be the second derivative of 2*k**3/3 - 8*k**2 + 20*k. Let r be h(6). Suppose -r*z = -4*z - 248. List the prime factors of z.
2, 31
Let o(n) be the first derivative of n**4/4 + 3*n**3 + 3*n**2/2 - 6*n + 3. Let q be (-6)/8 + (-117)/36. List the prime factors of o(q).
2, 31
List the prime factors of (113058/55)/((-48)/(-320)).
2, 3, 571
Let v(f) be the second derivative of 0 - 19*f + 5/4*f**4 - 5*f**2 + 2/3*f**3. List the prime factors of v(2).
2, 29
Suppose -61*b + 71*b - 70 = 0. Let h = 211 + -145. Suppose 10*o - h = b*o. List the prime factors of o.
2, 11
Let l = 28 + -44. Let k(r) = r + 21. Let z be k(l). Let f(b) = 10*b - 10. What are the prime factors of f(z)?
2, 5
Let c = 38849 - 26216. List the prime factors of c.
3, 4211
List the prime factors of (-208)/(-10) - 21 - (172691/(-5) + 2).
2, 3, 1439
Suppose 16*f - 42*f = -4*f - 128062. What are the prime factors of f?
5821
Suppose -5*j - 518 = -3*s, -6*j = -4*j + 2. Let x(f) = f**2 + 10*f - 16. Let o be x(-12). List the prime factors of (-1)/(20/o)*(1 - s).
2, 17
Let x = -132 + 122. List the prime factors of (16/x)/(4*1/(-720)).
2, 3
Suppose -26*v + 113987 = -24*v + 3*p, -5*v + 284930 = -5*p. List the prime factors of v.
56989
Let d = 821 + -432. Let t = -194 + d. What are the prime factors of t?
3, 5, 13
Let j be 1/(-3) + (-2)/3. What are the prime factors of (4039/7)/(2/j + 3)?
577
Suppose 4*p = -k + 225, -2*p + 4*k = -5*p + 172. Suppose 0 = q + 2*u - p - 341, -2*u = 4. What are the prime factors of q?
401
Suppose 0 = 4*p + 3*p - 665. Let s = -68 + p. Let w = 156 - s. What are the prime factors of w?
3, 43
Let n be (36/6 - 2669)*(0 + -2). Suppose -23*c - 749 + n = 0. List the prime factors of c.
199
Suppose 33*b - 45380 - 22600 = 0. List the prime factors of b.
2, 5, 103
Suppose 17*j = 943 - 280. Let a(i) = i**3 + i**2 + i + 15. Let l be a(0). Let h = j - l. What are the prime factors of h?
2, 3
Let m = 42436 + -17074. What are the prime factors of m?
2, 3, 1409
Let m = -367 + 40. Let s = 193 - m. List the prime factors of s.
2, 5, 13
Suppose 29 - 39 = 5*p. Let b be ((2 - 2) + -1)*0. What are the prime factors of (p - -1) + b + 34?
3, 11
Suppose k + 5*m = 5473, m + 0*m - 1 = 0. List the prime factors of k.
2, 1367
Suppose 1 = 2*o - 59. Let a be (-39)/(-45) + 4/o. List the prime factors of 221 + (-1)/(a + -2).
2, 3, 37
Let t(s) = -48*s + 1. Let o be t(-1). Suppose 26 = 4*a + p - 0*p, -a - 4*p = -14. List the prime factors of a/(3 + o/(-17)).
3, 17
Let g(b) = -5*b + 106. Let p be g(14). Suppose -4*s = -5*l - 1619, 35*s - 5*l + 411 = p*s. List the prime factors of s.
2, 7, 29
Suppose 0*c - x + 345 = 5*c, -5*c + 355 = -x. Let q = 40 + c. What are the prime factors of q?
2, 5, 11
What are the prime factors of (-3331 + -1)*((-925)/4)/37?
5, 7, 17
Let f be 52 - -403 - 2/2. Suppose -3*h - 5*v = -4*v - 1372, h - f = -v. List the prime factors of h.
3, 17
Let f(b) be the second derivative of 2*b**5/5 + b**4/4 - 5*b**3/6 + 3*b**2 - 3*b + 14. What are the prime factors of f(2)?
2, 3
Suppose -256 = x + 459. Let y = -170 - x. List the prime factors of y.
5, 109
Suppose 3*f = 0, 3*f - 25 = -5*m + f. Suppose -x - 3*x - 1381 = -c, -5545 = -4*c - m*x. What are the prime factors of c?
5, 277
Suppose 0 = t + 5*d + 6 + 1, 0 = 4*t - 3*d - 18. Suppose -5*n - 55 = 2*h - t*h, 0 = 4*h - n - 144. Let q = 56 - h. What are the prime factors of q?
3, 7
Suppose -6*k = -2*k - 1320. Suppose 4*g - 2 = -3*a, 10 = 3*a + g + g. Suppose 12*u - k = a*u. What are the prime factors of u?
5, 11
Suppose 3*s + 35 = 5*k, -6*k + 2*k = -3*s - 28. Suppose -3*u = 5*t - 164, k*u - 3*t - 296 = 2*u. Suppose v - u = 45. List the prime factors of v.
103
Let h = -35 - -39. Suppose 0 = -5*t + h*q + 9, 0*t + t = q + 1. Suppose 0 = -2*g + g - 3*k + 9, 4*g = -t*k + 57. What are the prime factors of g?
2, 3
List the prime factors of 10 - (-4 + 0) - -6039.
6053
Let s(g) = g**3 + 142*g**2 + 28*g + 839. What are the prime factors of s(-140)?
19, 1901
Let v be 3/5 + (-1097)/(-5). Suppose -v = -20*x + 21*x. What are the prime factors of -4 + x/(-2 - 3)?
2, 5
Let a(f) = -2*f**3 + 25*f**2 - 36*f + 17. Let n be a(9). Let q be (-1 + 39)/(2/8). Let j = n - q. List the prime factors of j.
2, 3
Let c(b) = 48*b**2 + 75*b - 76. List the prime factors of c(-14).
2, 41, 101
Let d(q) = 4*q**2 + 1. Let b be d(1). Suppose -5*m - b = -15. Suppose m*l + l - 336 = 0. List the prime factors of l.
2, 7
Let q = 197 - -425. Suppose 3*u - 53 = q. List the prime factors of u.
3, 5
Let b = 831 + 2430. List the prime factors of b.
3, 1087
Suppose -49 = -o - 2*a, -3*o - a + 142 = -0*a. Suppose o*u - 16*u - 36301 = 0. What are the prime factors of u?
1171
Let f = 2 - -2. Let l(b) = 14*b**2 + 2*b + 8. Let w be l(f). Suppose 3*v - w - 429 = 0. List the prime factors of v.
223
Suppose 11*z = 3*z - 104. Let g(k) = -k**2 - 10*k + 43. Let f be g(z). Suppose -2*t + 3*t - 130 = 5*u, f*u = 20. What are the prime factors of t?
5, 31
Suppose 28*s - 15 = 13*s. Let i be 908 + (-1 - (1 - -2)) + s. Suppose 5*b + 5*p - i = 0, -3*p - 17 - 880 = -5*b. What are the prime factors of b?
2, 3, 5
Suppose 23*f = 8024 + 7598 + 3997. List the prime factors of f.
853
Suppose t + 2*d - 24491 = 5968, 0 = -4*t + 2*d + 121816. What are the prime factors of t?
5, 6091
Suppose -15*b = 62 + 73. What are the prime factors of (b + 0)*-1 + 1639?
2, 103
Let c = 11 - 9. Let i(g) = g**3 - 6*g**2 + g - 2. Let t be i(c). Let 